 factors of g.
2, 5, 31
Let o(x) = 431*x - 8. List the prime factors of o(3).
5, 257
What are the prime factors of (-10618)/(-18) - (-114)/1026?
2, 5, 59
Suppose 87*b = 3*l + 89*b - 1730, -5*l + 2*b = -2862. List the prime factors of l.
2, 7, 41
Let n(p) = -165*p**3 + 3*p**2 + 7*p + 6. List the prime factors of n(-2).
2, 331
Suppose 12*i - 10*i = -2*p - 452, 0 = 4*i - 4. Let l = 13 - p. What are the prime factors of l?
2, 3, 5
Suppose -13302 = -9*a - 1971. List the prime factors of a.
1259
Let c(u) = -334*u + 42. What are the prime factors of c(-3)?
2, 3, 29
What are the prime factors of (-1)/4 - 63255/(-60)?
2, 17, 31
Suppose b - 11*u - 356 = -16*u, 1032 = 3*b + 3*u. List the prime factors of b.
11, 31
Let a = 2779 + -1777. List the prime factors of a.
2, 3, 167
Let n(s) = s**3 + 37*s**2 - 26*s - 82. What are the prime factors of n(-34)?
2, 5, 7, 61
Let c(z) = -109*z - 49. What are the prime factors of c(-19)?
2, 3, 337
Let f = -4203 - -8531. List the prime factors of f.
2, 541
Let o(r) = -3*r**3 - 18*r**2 - 12*r - 13. Let g be o(-7). Let u = g + -10. What are the prime factors of u?
2, 13
Let i(o) = 36*o + 3. List the prime factors of i(4).
3, 7
Suppose -3*m + 4*d = -3683, -5*m + 3*d + 1221 = -4*m. What are the prime factors of m/81 - 4/18?
3, 5
What are the prime factors of (-56)/812 - 163796/(-58)?
2, 353
Let z(u) be the third derivative of u**6/120 + u**5/5 + 5*u**4/24 + 3*u**3/2 + 34*u**2. What are the prime factors of z(-10)?
3, 53
Let a = 2676 - -567. What are the prime factors of a?
3, 23, 47
Let f(i) = -i**3 - 7*i**2 - 6*i - 6. List the prime factors of f(-9).
2, 3, 5, 7
What are the prime factors of ((-8)/6)/((-18)/20601)?
2, 7, 109
Let j(l) = -l**2 + 11*l + 8. Let i be j(9). Let q = -42 - -43. Suppose -v = -c + i, 15 - q = c + 2*v. List the prime factors of c.
2, 11
Let f(m) = -m**3 - m + 4. Let u be f(-5). Let i = u - 95. Let h = -15 + i. List the prime factors of h.
2, 3
Let g = 703 + -461. Suppose 2*w - g = -2*i - 2*i, -3*w + 347 = -2*i. What are the prime factors of w?
3, 13
Suppose 5 + 0 = 5*m. Let l = -11 + m. What are the prime factors of -1 - (-9)/(-3)*l?
29
Let y(r) = r**3 - 9*r**2 - 2*r + 7. Let t be y(10). Let v = -63 + t. List the prime factors of v.
2, 3
Suppose -5*p + t = -2044, 2*p - 768 = -4*t + 54. List the prime factors of p.
409
Let a(i) = i - 5. Let y be a(6). Let z be (-1)/(1/(-32)*y). Suppose -z + 5 = -d. What are the prime factors of d?
3
Let k(v) = -3*v**2 + 103*v - 108. List the prime factors of k(31).
2, 101
Suppose 4*t = 12, 2*k + 2*t + t - 199 = 0. Suppose 2*y = 5*l - 487, l - y = -0*y + k. What are the prime factors of l?
3, 11
Let t(f) = -172 + 190 - 23*f - f**2 + 0*f. List the prime factors of t(-18).
2, 3
Let d = -11695 - -16428. List the prime factors of d.
4733
Suppose -4*g + 11*g - 1141 = 0. Suppose 5*z - 538 = -g. List the prime factors of z.
3, 5
Suppose -3*l = 2*k - 225, 4*k - 600 = -k + 5*l. Let w = k - 102. List the prime factors of w.
3, 5
Suppose -h + 784 = -3*u, 37*h = 34*h + 5*u + 2340. What are the prime factors of h?
5, 31
Suppose -d + b + 2*b - 2 = 0, 0 = d - 2*b + 2. Let p = 4 - d. Suppose -3*s + p*s - 33 = 0. List the prime factors of s.
11
Let t(w) = -w**3 - 8*w**2 + 30*w - 6. List the prime factors of t(-14).
2, 3, 5
Let u(w) = -13*w - 1. Let b be u(-1). Suppose 30 = 3*y - b. Let m(s) = s**3 - 15*s**2 + 16*s - 7. What are the prime factors of m(y)?
3, 7
Suppose 122960 = 12*x + 28*x. List the prime factors of x.
2, 29, 53
Let k(i) = -i**3 + 11*i**2 + 5. Let r be k(11). Suppose -4*o = -2*l - 554, -2*o + 5*o - r*l - 426 = 0. List the prime factors of o.
137
Let v(m) = m**2 - 10*m + 13. Let r(h) = -h**2 - 10*h. Let j be r(-11). Let o = j - -20. What are the prime factors of v(o)?
2
Let i be 271 - (0 + 0 + -2). Suppose -6*l = -3*l - i. List the prime factors of l.
7, 13
Suppose 172 = 4*l + 4*u, 5*l + u + u = 230. Suppose 8*k - 71 = 3*k - 4*a, -l = -3*k + 3*a. List the prime factors of k.
3, 5
Suppose -3*y + 7*y = -5*r + 488, 5*y = 3*r - 315. List the prime factors of r.
2, 5
Suppose 0*r = 3*r. Suppose 0 = 3*d - 15 - r. Suppose -3*w = -3*m - 162, d*m = -w + m + 39. List the prime factors of w.
3, 17
Let k be 1 + -4 - -2 - (-8 - 1). Let a = k - 0. List the prime factors of a.
2
Let s(g) = g**2 - 13*g - 2. Let p be s(12). Let l = p - -17. Suppose l = -4*x + 87. List the prime factors of x.
3, 7
Let h(w) = -133*w**3 - w**2 + 3*w + 5. Let q(u) = -267*u**3 - u**2 + 6*u + 9. Let d(z) = -5*h(z) + 3*q(z). What are the prime factors of d(-1)?
137
Let u = 43 + -10. List the prime factors of (-100)/6*u/(-22).
5
What are the prime factors of (150/(-20))/((-5)/160)?
2, 3, 5
Suppose 0*o + 2*o = -2. Let x = o + 6. List the prime factors of -1 - -1 - (-180)/x.
2, 3
Let s(d) be the second derivative of d**5/20 + 3*d**4/4 + 3*d**3/2 + 3*d**2 - 3*d. Let c be s(-8). What are the prime factors of -8*(3 + 7/c)?
2
Let m(i) = -i**3 + 2*i**2 + i + 447. What are the prime factors of m(0)?
3, 149
Suppose -3*w = 3*v + 9, -4*w = -2*w + 6. Suppose -2*y = c + 20 - 4, v = 2*y + 2*c + 20. What are the prime factors of 99*7/((-63)/y)?
2, 3, 11
Let t(s) = -s + 9. Let a be t(5). Suppose 0 = a*x - 2 - 6. What are the prime factors of (x - 22)*(-2 + 0)?
2, 5
Suppose -6*o - 54*o + 242340 = 0. What are the prime factors of o?
7, 577
List the prime factors of (-54)/12 - (-4731)/6.
2, 7
Suppose 2*q = -3*q - 4*b - 629, 380 = -3*q - 5*b. Let p = q - -224. List the prime factors of p.
3, 11
Let u = -25 - -29. Suppose -2*c = -u*c + 5*m + 34, -c - 3*m = 5. What are the prime factors of c?
7
Let x(n) = -n + 10. Let z be x(10). Suppose 37*k - 31*k - 108 = z. List the prime factors of k.
2, 3
Let v(o) = -o - 6. Let q be v(-8). What are the prime factors of -27*3/(-6)*q?
3
Let m = 367 - -337. List the prime factors of m.
2, 11
Suppose -9*b = -3 - 15. List the prime factors of -4 - ((-6)/b - (-798)/(-6)).
2, 3, 11
Let i be (0/(-1))/(0 + 2). Suppose i = -a + 2*p + 33, -4*a - p + 58 + 83 = 0. List the prime factors of a.
5, 7
Let u = 1783 - 509. What are the prime factors of u?
2, 7, 13
Let f = 21 + -6. Suppose -f - 19 = -4*x - q, -22 = -2*x + 2*q. Suppose -x*i + 7*i + 26 = 0. List the prime factors of i.
13
Let c be ((-8)/((-32)/20))/(-1). Let b(p) = 3*p**2 + 5*p + 6. Let i be b(-4). Let m = c + i. What are the prime factors of m?
29
Let o(s) be the first derivative of 11*s**3/3 + s**2/2 - 2*s + 3. List the prime factors of o(-2).
2, 5
Let f = 40 + -43. What are the prime factors of f/((-36)/1136) + 1/3?
5, 19
Let f = 1047 + -377. List the prime factors of f.
2, 5, 67
Let i = 2802 + -802. List the prime factors of i.
2, 5
Suppose -2582*z - 18102 = -2588*z. List the prime factors of z.
7, 431
Suppose -4*g - 7 + 47 = 0. Let c(w) = 7*w + 2. What are the prime factors of c(g)?
2, 3
Suppose -6*n + 7*n = -2*l + 613, -2*l - 5*n + 617 = 0. List the prime factors of l.
2, 3, 17
Let q(t) = -6*t**2 - 6*t + 12. Let y(c) = 5*c**2 + 5*c - 12. Let h(x) = 4*q(x) + 5*y(x). Let r be h(-10). What are the prime factors of r/4 - 3/6?
19
Let l be 14/(-21)*9/(-6). Let g(k) = 250*k - 7. What are the prime factors of g(l)?
3
Let o be 1 + -1*8/(-2). Suppose -o*z - 3*w = -181 - 79, 0 = -w - 5. Suppose 4*v + 7 = z. What are the prime factors of v?
2, 3
Suppose 0 = 4*r - 220 + 668. Let f = r - -35. List the prime factors of f/(-3) - (-2)/6.
2, 13
Let r(a) = -4*a**3 - 3*a - 1. Suppose -8 = 4*y - 0. List the prime factors of r(y).
37
Let f(h) be the second derivative of h**5/30 - 5*h**4/12 - h**3/2 + h**2/2 - 4*h. Let a(q) be the first derivative of f(q). What are the prime factors of a(7)?
5
Suppose 3*s + 11 = -73. Let t = -14 - s. What are the prime factors of 22/4*t/7?
11
What are the prime factors of 25353/6 + 395/(-158)?
41, 103
Suppose 0 = o + 6. Let a = o - -7. What are the prime factors of a + 0 - (-2 - 1)?
2
Suppose -4*p = -2*v - 4, -2*p = -10*v + 5*v - 10. Suppose 2*x = -p*x + 50. What are the prime factors of x?
5
Let d = -3653 + 5237. What are the prime factors of d?
2, 3, 11
Suppose -4*z = 4, -23*w + z + 3341 = -21*w. What are the prime factors of w?
2, 5, 167
What are the prime factors of 13/((-117)/90) + 582?
2, 11, 13
Suppose -12*t - 8 + 44 = 0. Suppose 170 = t*f + 23. What are the prime factors of f?
7
Suppose 5*z - 70 = 380. Suppose -l = -2*y - 5 